-20 - (3 - 10)) + 40.
36
What is the value of 48 + 29 + -95 - (60 - 21)?
-57
2 + (-136 - 0) + (-33 - (-17 + (14 - 22)))
-142
100 + (-270 - (-203 + 107))
-74
Calculate -25 - -17 - (-181 - -192).
-19
Evaluate 6 + 36 - (540 + -446).
-52
What is (30 - (-18 - 4)) + -10 + -21?
21
-135 + 120 + (-2 - (7 - 7))
-17
Evaluate 14 - (4 - -3) - (-31 + -11 - (4 - 9)).
44
What is the value of (-2 - -1) + -22 + (-57 - (-27 + -43))?
-10
-41 - (-35 + 83 + -103)
14
Calculate 23 + 10 + (-16 - 33) + -14.
-30
Evaluate 3 + -2 + 6 + -178 + 196.
25
Evaluate -17 + 3 - (2 + (-1 - 41)).
26
3 + (-6 - 12 - -5 - (8 + 4 + -5))
-17
What is the value of -15 + (3 - -8) - 15 - -63?
44
(-2 - -83) + (-678 - -618)
21
Evaluate -7 - (-2 + (-9 - (5 - 5)) + -30).
34
(-3069 - -3203) + (1 - 114)
21
What is the value of 7 + -2 + -30 + -12 - -2?
-35
What is the value of 2 + (12 - 9) + 15?
20
Evaluate (-11 - -15 - -17) + -41 + 17 - (-1 - 149).
147
What is the value of -29 + (-17 - -31) + 21?
6
11 - ((12 - 4) + -9 + 8 - 39)
43
Calculate -55 - -48 - (-42 + 7 + 9) - 48.
-29
What is the value of (6 - ((23 - 18) + 37)) + -17?
-53
Calculate 3 + -53 - (-1 + 1).
-50
Calculate 11 + 11 + -29 + 8 + 13 - -4.
18
-40 - 6 - (-1 + -170 + 47)
78
(-740 - -789) + (-5 - 60)
-16
What is 132 - ((4 - -55) + -79 - (-2 + (-10 - 3)))?
137
-14 + 36 - 11 - -2
13
What is the value of 20 - (14 - (-19 - (-10 - -7)))?
-10
Evaluate -164 - -30 - (57 + -145).
-46
(3 - 13) + 0 + (378 - 394) + 36 + 0
10
Calculate -770 + 760 + (-3 - -30).
17
Evaluate 8 + (-4 - 88) + 0 - (-36 - -22).
-70
What is -7 - (59 + -64) - (-2 - -21)?
-21
What is 2 + -2 - (0 + (-16 - (37 - 3)))?
50
-10 - (-96 + 279 + -78)
-115
What is the value of 10 + (7 - (0 - 4) - (33 + 5))?
-17
What is (465 - 459) + 5 + 2 - -13?
26
Evaluate 28 + (6 - (-14 + 23) - -10) + (-2 - 0).
33
What is 36 - 28 - (-3 - (67 + -14)) - (1 + 6)?
57
Calculate -2 + 72 - (-104 - -41 - -40).
93
Calculate 9 + -24 + (-9 - (12 + 37)).
-73
(96 + 13 + -17 - -4 - (-2 + -9)) + 13
120
41 - 25 - 29 - -19
6
What is -28 - (0 - (33 + -44) - 24)?
-15
What is -3 + (0 + -7 - -36 - (-14 - -8))?
32
What is the value of -6 - (-6 + -22) - (15 - (1 - -4 - -2))?
14
What is 46 + (52 + 0 - (755 + -725))?
68
881 + -864 + (-70 - -5)
-48
(5 - 89) + (-7 - -9 - 10) + 13 + 9
-70
What is the value of -5 + 0 - 6 - (-28 - -77)?
-60
Evaluate 1 + 59 - (-7450 - -7536).
-26
What is 11 + -9 + 6 + 0 + (-10 + 22 - 25)?
-5
What is (8 - 62 - -23) + -22 + -9?
-62
Evaluate -26 + 23 + (5 - 1 - -54 - 0).
55
Evaluate 0 - 0 - (18 - (13 + -16 - 16)).
-37
What is 8 - (-7 + 2 - -45) - (-5 + 2 + 13)?
-42
What is -13 + (-3 - -3) + 4 + 24 + 29 + -85?
-41
Evaluate 5 - (-15 + 43 + 0).
-23
-87 + 92 - -11 - (-4 + 116 - -6)
-102
What is 11 + -3 + -28 + (10 - -4 - 15) + -15?
-36
What is the value of -32 + 53 - (41 + 18) - -4 - (15 - 2)?
-47
Evaluate 3 - (43 + (9 - 66)).
17
-52 + (-5 - 26) + 66
-17
71 + 13 + (-12 + -15 - -17) + -3
71
-33 + 7 + (7 - -2) - 1 - -121
103
Calculate (0 - (1 + -1) - (-389 + 385)) + -19.
-15
(-158 - (27 + -128)) + (22 - 1)
-36
Calculate (22 - (-3 + 1) - (-88 + 96)) + 9.
25
(23 - (9 - 7 - -10)) + -26
-15
Calculate (-18 + 1 - (105 - 138) - -4) + -47.
-27
Calculate (-14 - (2 + 10 + 57)) + 31.
-52
Evaluate (19 - 2) + -1045 + 1018 - (-84 - 0).
74
What is the value of (64 - 23) + -24 + 23?
40
Calculate -82 - ((-2215 - -2208) + 1 + 1 + -3).
-74
0 + -9 - (16 + -55 + 24)
6
Evaluate 7 + (-8 - -9 - -40) + (1 - 8) + -4.
37
Calculate -15 + 17 + (-15 - -14) + -2 + 30.
29
What is the value of (-37 - 0) + (54 - -12)?
29
Calculate 13 + -27 - (-2 + -5) - (-34 + 1).
26
Evaluate (26 - (-15 + 79)) + (-6 - -10).
-34
-101 - -89 - -96 - 111
-27
What is -64 + -3 + -3 - (37 - 57)?
-50
Calculate 31 + -6 + -2 + (-62 - -28) + 39.
28
13 - (19 - ((27 - -1 - 12) + -5)) - 136
-131
What is (3 - (8 - 0)) + 14413 + -14423?
-15
What is the value of 22 + -29 + (38 + -36 - -23)?
18
-4 + -17 + -4 - (-484 + 498)
-39
Calculate -29 - 1 - (-11 + 15 + (21 - 4) + -19).
-32
What is -86 + 27 - -54 - -27?
22
Calculate 897 - 883 - (0 - (-30 - 1)).
-17
What is the value of 1 - (-1 - 70) - (-35 - -11 - (-61 + 35))?
70
What is -29 - (14 - (-9 + 86))?
34
What is -9 - (0 + -1) - (177 - -56 - 289) - -1?
49
Calculate -20 + 5 + 11 - -46.
42
Calculate 15 - (3 - -4) - (-79 + 89 - (-1 + -28)).
-31
What is (40 - 78) + (-18 + 11 - 19)?
-64
Evaluate -108 + (16 - (-46 + 72 - 9)).
-109
What is -2 + 5 + -5 - (-11 - -1 - -11 - 7)?
4
Calculate -15 - ((17 - 15) + -9 + 12).
-20
What is (-96 - (-10 + -12 + 26)) + 29?
-71
What is -106 - -98 - (4 - 11 - (37 + -1))?
35
21 + -61 + (-11 + 3 + -1 - -9 - -7)
-33
Evaluate -11 - (8 + 5 + -39 + 61).
-46
Calculate (-14 - (44 + -47)) + -40.
-51
Calculate -12 + -11 + (-10 - (12 + -11) - -17) + 53.
36
What is 2 + -27 - (6796 - 6881)?
60
-44 - -1 - ((14 - -4 - 21) + 20 - 26)
-34
What is the value of (1 - (6 - (5 - ((1 - 0) + 9)))) + -29?
-39
-1 - -39 - (-3010 - -3102)
-54
What is the value of (19 - 10) + -4 + 3 + -2 - (-7 - 51)?
64
What is the value of -3 + 6 + (-7 - -3) - 6 - (29 - 89)?
53
What is -44 - (3 + -54) - (128 - 6)?
-115
Calculate -55 - (-1 - (83 - 30)).
-1
-49 + 15 + 38 + -35
-31
Calculate 12 - (70 + 11 + -18 + 10 - -21).
-82
Calculate -3 + (0 - 0) + 15 - (119 - 117).
10
(-99 - -115) + (-1 - (-2 + 182)) + 9
-156
Evaluate 0 + 9 + (-10 - -22) + -37 + 0.
-16
What is -1 + -29 - ((-4 - 2) + -5)?
-19
Calculate 60 + -96 - (-34 - 17).
15
Calculate (0 - (1 - 4) - -1 - 3) + (4405 - 4419).
-13
What is 93 - ((-9 - 2) + (-14 + 1 - -18 - -3))?
96
What is the value of -15 - (6 + -15) - (21 - 40)?
13
(16 - 57) + 35 + (18 - 2) + -1 + 25
34
What is -9 + (6 - 0) - ((-9 - (8 - 0)) + -3)?
17
What is the value of 80 + (-124 + -72 - -136)?
20
Evaluate -1 + ((-1 - 1) + -2 - (-28 + 48 - 27)).
2
What is the value of (-1 - (29 + -22 - (10 - 2))) + (4 - 35)?
-31
What is the value of -8 - (-21 + -26 + -23 + 36)?
26
What is the value of ((4 - 9) + -20 - (19 - 7)) + 13?
-24
What is -8 + 52 + -43 + (-32 - -17)?
-14
What is the value of 48 + -48 + 3 + -5 + 3 + 9 + 45?
55
Calculate -24 + 24 + 1 - (71 - 11).
-59
(3 - -4 - (9 - -2)) + 42 + (30 - 12)
56
What is (2 + 10 - 7 - 91) + -48 + 46 + 9?
-79
-21 + (6 + -1 - 0) + (41 - 33)
-8
Calculate 255 + -228 + (17 - 123).
-79
Evaluate -4 + -40 + 44 - (-10 - -7 - (53 + 1)).
57
What is the value of -85 + (22 - 25 - -22) + 20?
-46
Evaluate (78 - (-60 - -172)) + 104.
70
What is the value of 8 + (1 - (15 - -3 - 10)) + (0 - -10)?
11
-10 + -3 + (4 - (-8 + -3)) + -30
-28
Evaluate 81 - -35 - (320 + -175).
-29
What is the value of (12 - 34) + (-26 - (-97 + 35))?
14
Calculate 4 + -47 + (-33 + 23 - -5) + -3 + 2.
-49
What is the value of 2 - (9 - -1) - -4 - (17 + -66 + 48)?
-3
Calculate -412 + 404 - (4 + (1 - 7)).
-6
What is the value of (0 + 73 - (-8 - (1 + -15 - -3))) + 14?
84
What is the value of -1 + 77 - ((25 - 48 - 1) + 45 + -21)?
76
What is the value of -93 - (41 + -9 + -4 + -25)?
-96
(-23 + -3 + 12 - -3) + 37 + (3 - 5)
24
What is the value of 8 - (17 + -6 + -15 + 8)?
4
Evaluate 14 + (17 - 15) + (-6 - (-18 - -8)).
20
Calculate 30 + -61 + 15 + 22 - 101.
-95
What is 194 - 231 - (-36 + -1)?
0
What is the value of 8 - (-1 + 3 + 11 + -13) - (-10 - -1)?
17
Evaluate -43 - -20 - (-36 - (8 + -24) - -7).
-10
What is the value of (-172 - -186) + (3 - (12 + -9 - (-2 - -2)))?
14
What is the value of (32 - -1) + 1 + 13 + (28 - 48) + 16?
43
Evaluate 18 + (53 + -2 - 23) + 5.
51
What is the value of -8 - 0 - ((-1 - 21) + -234 + 249) - 72?
-73
-5 - -24 - -29 - 51 - (1 + 73)
-77
-50 - ((-38 - -10) + 0)
-22
Calculate (46 - (157 - 62)) + 102.
53
What is the value of 11 - (7 + 9 + -163 + 15) - (-3 + 18)?
128
What is the value of 7 - 31 - -25 - (-6 - (-3 - -1))?
5
What is the value of 61 - (-95 - (-46 - 29))?
81
What is the value of 21 - (-1146 - -1058 - (0 + -23))?
86
-13 + (36 - (-13 + 43))
-7
What is the value of (-7 - 37) + 56 - (-3 + 14)?
1
Calculate 19 - (-10 - (-9 + 10 + 30 + -12)).
48
What is the value of (46 - 12) + -36 - 34?
-36
-182 - (-39 + -115) - -43
15
(-158 - -131) + -62 - -125
36
What is the value of -55 + (-13 - -90) + -73?
-51
4 - (-3 - (26 + -32) - (-32 - 1))
-32
Calculate 3 + 18 - 138 - (-7 + -6 + 9 + -6).
-107
(17 - ((5 - 46) + -28)) + -27
59
What is the value of 6 + (-3 + 17 + -34 + 34 - 22) + 116?
114
What is 6 + 44 + (-21 - (4 - 14))?
39
